{"id":37,"date":"2017-01-11T18:43:56","date_gmt":"2017-01-11T17:43:56","guid":{"rendered":"http:\/\/l-i-magie-verre.fr\/?page_id=37"},"modified":"2025-02-09T15:54:50","modified_gmt":"2025-02-09T14:54:50","slug":"a-propos-de","status":"publish","type":"page","link":"http:\/\/www.fileurdeverre.fr\/?page_id=37","title":{"rendered":"A propos de Guillaume Domise"},"content":{"rendered":"<div class=\"wp-block-image\">\n<figure class=\"aligncenter size-large is-resized\"><img loading=\"lazy\" decoding=\"async\" width=\"681\" height=\"1024\" src=\"http:\/\/www.fileurdeverre.fr\/wp-content\/uploads\/2023\/09\/nb-681x1024.jpg\" alt=\"\" class=\"wp-image-1169\" style=\"width:145px;height:218px\" srcset=\"http:\/\/www.fileurdeverre.fr\/wp-content\/uploads\/2023\/09\/nb-681x1024.jpg 681w, http:\/\/www.fileurdeverre.fr\/wp-content\/uploads\/2023\/09\/nb-200x300.jpg 200w, http:\/\/www.fileurdeverre.fr\/wp-content\/uploads\/2023\/09\/nb-768x1154.jpg 768w, http:\/\/www.fileurdeverre.fr\/wp-content\/uploads\/2023\/09\/nb-1022x1536.jpg 1022w, http:\/\/www.fileurdeverre.fr\/wp-content\/uploads\/2023\/09\/nb-1363x2048.jpg 1363w, http:\/\/www.fileurdeverre.fr\/wp-content\/uploads\/2023\/09\/nb-1200x1803.jpg 1200w, http:\/\/www.fileurdeverre.fr\/wp-content\/uploads\/2023\/09\/nb-1980x2976.jpg 1980w, http:\/\/www.fileurdeverre.fr\/wp-content\/uploads\/2023\/09\/nb-scaled.jpg 1703w\" sizes=\"auto, (max-width: 681px) 100vw, 681px\" \/><\/figure>\n<\/div>\n\n\n<blockquote class=\"wp-block-quote has-primary-color has-text-color is-layout-flow wp-block-quote-is-layout-flow\">\n<p class=\"has-vivid-green-cyan-color has-black-background-color has-text-color has-background has-medium-font-size\">1 &#8211; \u00c9cole des <em>Beaux-Arts<\/em> (DNAP : Dipl\u00f4me Nationale d&#8217;Art Plastique)<\/p>\n\n\n\n<p class=\"has-vivid-green-cyan-color has-black-background-color has-text-color has-background has-medium-font-size\">2 &#8211; CAP <em>souffleur de verre<\/em>.&nbsp; \u00e0 Vannes-le Ch\u00e2tel<\/p>\n\n\n\n<p class=\"has-vivid-green-cyan-color has-black-background-color has-text-color has-background has-medium-font-size\">3 &#8211; Alternance \u00e0 la VERRERIE La ROCHERE<br>     4 rue de la Verrerie 70210 Passavant-la-Roch\u00e8re<\/p>\n\n\n<div class=\"wp-block-image\">\n<figure class=\"aligncenter size-medium\"><img loading=\"lazy\" decoding=\"async\" width=\"300\" height=\"168\" src=\"http:\/\/www.fileurdeverre.fr\/wp-content\/uploads\/2023\/09\/2023-09-20_165017-300x168.png\" alt=\"\" class=\"wp-image-1177\" srcset=\"http:\/\/www.fileurdeverre.fr\/wp-content\/uploads\/2023\/09\/2023-09-20_165017-300x168.png 300w, http:\/\/www.fileurdeverre.fr\/wp-content\/uploads\/2023\/09\/2023-09-20_165017-768x430.png 768w, http:\/\/www.fileurdeverre.fr\/wp-content\/uploads\/2023\/09\/2023-09-20_165017.png 988w\" sizes=\"auto, (max-width: 300px) 100vw, 300px\" \/><\/figure>\n<\/div>\n\n\n<p class=\"has-vivid-green-cyan-color has-black-background-color has-text-color has-background has-medium-font-size\">4 &#8211; Travail industriel \u00e0 la c\u00e9l\u00e8bre cristallerie de Baccarat<\/p>\n<\/blockquote>\n\n\n\n<blockquote class=\"wp-block-quote has-primary-color has-text-color is-layout-flow wp-block-quote-is-layout-flow\"><div class=\"wp-block-image\">\n<figure class=\"aligncenter size-medium\"><img loading=\"lazy\" decoding=\"async\" width=\"300\" height=\"222\" src=\"http:\/\/www.fileurdeverre.fr\/wp-content\/uploads\/2023\/09\/halle-du-verre-soufflage-3-300x222.jpg\" alt=\"\" class=\"wp-image-1184\" srcset=\"http:\/\/www.fileurdeverre.fr\/wp-content\/uploads\/2023\/09\/halle-du-verre-soufflage-3-300x222.jpg 300w, http:\/\/www.fileurdeverre.fr\/wp-content\/uploads\/2023\/09\/halle-du-verre-soufflage-3-768x568.jpg 768w, http:\/\/www.fileurdeverre.fr\/wp-content\/uploads\/2023\/09\/halle-du-verre-soufflage-3.jpg 1000w\" sizes=\"auto, (max-width: 300px) 100vw, 300px\" \/><\/figure>\n<\/div>\n\n\n<p class=\"has-vivid-green-cyan-color has-black-background-color has-text-color has-background has-normal-font-size\">En 2014 &#8211; Cr\u00e9ation de l&#8217;entreprise dans un joli petit village pr\u00e8s de Montpellier : Vacqui\u00e8res (34270) sur le &#8220;Chemin des verriers&#8221;.<\/p>\n\n\n\n<p class=\"has-vivid-green-cyan-color has-black-background-color has-text-color has-background has-normal-font-size\">Il produit des pi\u00e8ces sur demande dans son atelier de Vacqui\u00e8res.<\/p>\n\n\n<div class=\"wp-block-image\">\n<figure class=\"aligncenter size-medium is-resized\"><img loading=\"lazy\" decoding=\"async\" width=\"300\" height=\"256\" src=\"http:\/\/www.fileurdeverre.fr\/wp-content\/uploads\/2023\/09\/20210214_150528-300x256.jpg\" alt=\"\" class=\"wp-image-1117\" style=\"width:311px;height:264px\" srcset=\"http:\/\/www.fileurdeverre.fr\/wp-content\/uploads\/2023\/09\/20210214_150528-300x256.jpg 300w, http:\/\/www.fileurdeverre.fr\/wp-content\/uploads\/2023\/09\/20210214_150528-1024x872.jpg 1024w, http:\/\/www.fileurdeverre.fr\/wp-content\/uploads\/2023\/09\/20210214_150528-768x654.jpg 768w, http:\/\/www.fileurdeverre.fr\/wp-content\/uploads\/2023\/09\/20210214_150528-1536x1309.jpg 1536w, http:\/\/www.fileurdeverre.fr\/wp-content\/uploads\/2023\/09\/20210214_150528-2048x1745.jpg 2048w, http:\/\/www.fileurdeverre.fr\/wp-content\/uploads\/2023\/09\/20210214_150528-1200x1022.jpg 1200w, http:\/\/www.fileurdeverre.fr\/wp-content\/uploads\/2023\/09\/20210214_150528-1980x1687.jpg 1980w\" sizes=\"auto, (max-width: 300px) 100vw, 300px\" \/><\/figure>\n<\/div><\/blockquote>\n\n\n<div class=\"wp-block-image\">\n<figure class=\"aligncenter size-full is-resized\"><img loading=\"lazy\" decoding=\"async\" width=\"150\" height=\"183\" src=\"http:\/\/www.fileurdeverre.fr\/wp-content\/uploads\/2023\/09\/carte-02.gif\" alt=\"\" class=\"wp-image-1109\" style=\"width:384px;height:469px\"\/><\/figure>\n<\/div>","protected":false},"excerpt":{"rendered":"","protected":false},"author":1,"featured_media":0,"parent":0,"menu_order":0,"comment_status":"closed","ping_status":"closed","template":"","meta":{"footnotes":""},"class_list":["post-37","page","type-page","status-publish","hentry"],"_links":{"self":[{"href":"http:\/\/www.fileurdeverre.fr\/index.php?rest_route=\/wp\/v2\/pages\/37","targetHints":{"allow":["GET"]}}],"collection":[{"href":"http:\/\/www.fileurdeverre.fr\/index.php?rest_route=\/wp\/v2\/pages"}],"about":[{"href":"http:\/\/www.fileurdeverre.fr\/index.php?rest_route=\/wp\/v2\/types\/page"}],"author":[{"embeddable":true,"href":"http:\/\/www.fileurdeverre.fr\/index.php?rest_route=\/wp\/v2\/users\/1"}],"replies":[{"embeddable":true,"href":"http:\/\/www.fileurdeverre.fr\/index.php?rest_route=%2Fwp%2Fv2%2Fcomments&post=37"}],"version-history":[{"count":67,"href":"http:\/\/www.fileurdeverre.fr\/index.php?rest_route=\/wp\/v2\/pages\/37\/revisions"}],"predecessor-version":[{"id":2005,"href":"http:\/\/www.fileurdeverre.fr\/index.php?rest_route=\/wp\/v2\/pages\/37\/revisions\/2005"}],"wp:attachment":[{"href":"http:\/\/www.fileurdeverre.fr\/index.php?rest_route=%2Fwp%2Fv2%2Fmedia&parent=37"}],"curies":[{"name":"wp","href":"https:\/\/api.w.org\/{rel}","templated":true}]}}

<div class="wp-block-image">
<figure class="aligncenter size-large is-resized"><img loading="lazy" decoding="async" width="681" height="1024" src="http://www.fileurdeverre.fr/wp-content/uploads/2023/09/nb-681x1024.jpg" alt="" class="wp-image-1169" style="width:145px;height:218px" srcset="http://www.fileurdeverre.fr/wp-content/uploads/2023/09/nb-681x1024.jpg 681w, http://www.fileurdeverre.fr/wp-content/uploads/2023/09/nb-200x300.jpg 200w, http://www.fileurdeverre.fr/wp-content/uploads/2023/09/nb-768x1154.jpg 768w, http://www.fileurdeverre.fr/wp-content/uploads/2023/09/nb-1022x1536.jpg 1022w, http://www.fileurdeverre.fr/wp-content/uploads/2023/09/nb-1363x2048.jpg 1363w, http://www.fileurdeverre.fr/wp-content/uploads/2023/09/nb-1200x1803.jpg 1200w, http://www.fileurdeverre.fr/wp-content/uploads/2023/09/nb-1980x2976.jpg 1980w, http://www.fileurdeverre.fr/wp-content/uploads/2023/09/nb-scaled.jpg 1703w" sizes="auto, (max-width: 681px) 100vw, 681px" /></figure>
</div>


<blockquote class="wp-block-quote has-primary-color has-text-color is-layout-flow wp-block-quote-is-layout-flow">
<p class="has-vivid-green-cyan-color has-black-background-color has-text-color has-background has-medium-font-size">1 &#8211; École des <em>Beaux-Arts</em> (DNAP : Diplôme Nationale d&#8217;Art Plastique)</p>



<p class="has-vivid-green-cyan-color has-black-background-color has-text-color has-background has-medium-font-size">2 &#8211; CAP <em>souffleur de verre</em>.&nbsp; à Vannes-le Châtel</p>



<p class="has-vivid-green-cyan-color has-black-background-color has-text-color has-background has-medium-font-size">3 &#8211; Alternance à la VERRERIE La ROCHERE<br>     4 rue de la Verrerie 70210 Passavant-la-Rochère</p>


<div class="wp-block-image">
<figure class="aligncenter size-medium"><img loading="lazy" decoding="async" width="300" height="168" src="http://www.fileurdeverre.fr/wp-content/uploads/2023/09/2023-09-20_165017-300x168.png" alt="" class="wp-image-1177" srcset="http://www.fileurdeverre.fr/wp-content/uploads/2023/09/2023-09-20_165017-300x168.png 300w, http://www.fileurdeverre.fr/wp-content/uploads/2023/09/2023-09-20_165017-768x430.png 768w, http://www.fileurdeverre.fr/wp-content/uploads/2023/09/2023-09-20_165017.png 988w" sizes="auto, (max-width: 300px) 100vw, 300px" /></figure>
</div>


<p class="has-vivid-green-cyan-color has-black-background-color has-text-color has-background has-medium-font-size">4 &#8211; Travail industriel à la célèbre cristallerie de Baccarat</p>
</blockquote>



<blockquote class="wp-block-quote has-primary-color has-text-color is-layout-flow wp-block-quote-is-layout-flow"><div class="wp-block-image">
<figure class="aligncenter size-medium"><img loading="lazy" decoding="async" width="300" height="222" src="http://www.fileurdeverre.fr/wp-content/uploads/2023/09/halle-du-verre-soufflage-3-300x222.jpg" alt="" class="wp-image-1184" srcset="http://www.fileurdeverre.fr/wp-content/uploads/2023/09/halle-du-verre-soufflage-3-300x222.jpg 300w, http://www.fileurdeverre.fr/wp-content/uploads/2023/09/halle-du-verre-soufflage-3-768x568.jpg 768w, http://www.fileurdeverre.fr/wp-content/uploads/2023/09/halle-du-verre-soufflage-3.jpg 1000w" sizes="auto, (max-width: 300px) 100vw, 300px" /></figure>
</div>


<p class="has-vivid-green-cyan-color has-black-background-color has-text-color has-background has-normal-font-size">En 2014 &#8211; Création de l&#8217;entreprise dans un joli petit village près de Montpellier : Vacquières (34270) sur le &#8220;Chemin des verriers&#8221;.</p>



<p class="has-vivid-green-cyan-color has-black-background-color has-text-color has-background has-normal-font-size">Il produit des pièces sur demande dans son atelier de Vacquières.</p>


<div class="wp-block-image">
<figure class="aligncenter size-medium is-resized"><img loading="lazy" decoding="async" width="300" height="256" src="http://www.fileurdeverre.fr/wp-content/uploads/2023/09/20210214_150528-300x256.jpg" alt="" class="wp-image-1117" style="width:311px;height:264px" srcset="http://www.fileurdeverre.fr/wp-content/uploads/2023/09/20210214_150528-300x256.jpg 300w, http://www.fileurdeverre.fr/wp-content/uploads/2023/09/20210214_150528-1024x872.jpg 1024w, http://www.fileurdeverre.fr/wp-content/uploads/2023/09/20210214_150528-768x654.jpg 768w, http://www.fileurdeverre.fr/wp-content/uploads/2023/09/20210214_150528-1536x1309.jpg 1536w, http://www.fileurdeverre.fr/wp-content/uploads/2023/09/20210214_150528-2048x1745.jpg 2048w, http://www.fileurdeverre.fr/wp-content/uploads/2023/09/20210214_150528-1200x1022.jpg 1200w, http://www.fileurdeverre.fr/wp-content/uploads/2023/09/20210214_150528-1980x1687.jpg 1980w" sizes="auto, (max-width: 300px) 100vw, 300px" /></figure>
</div></blockquote>


<div class="wp-block-image">
<figure class="aligncenter size-full is-resized"><img loading="lazy" decoding="async" width="150" height="183" src="http://www.fileurdeverre.fr/wp-content/uploads/2023/09/carte-02.gif" alt="" class="wp-image-1109" style="width:384px;height:469px"/></figure>
</div>
